3*b**2 + 2*b + 6*b**2 - 3*b**2 + 3*b**2. Let n be u(c). Calculate the greatest common divisor of n and 120.
15
Suppose -29*l + 1164 = -518. What is the greatest common divisor of 406 and l?
58
Let u = 273 + 43. What is the highest common factor of u and 79?
79
Let p be -3*(1 - 50/6). Suppose j = -i + 53, 4*i - 4*j - 173 = i. Calculate the greatest common divisor of i and p.
11
Let u = 224 + -89. Let n(d) = -d**2 + 3*d + 4. Let h be n(8). Let z = h + u. Calculate the highest common factor of 11 and z.
11
Suppose -3*h + 2*h = 2*x - 11, 3*h - 19 = -4*x. Suppose -x*i = -2*i - 90. Let m be 230/i + 8/36. What is the greatest common divisor of 52 and m?
13
Let v(x) = 4*x + 29. Let k be v(-17). Let j = 41 + k. What is the greatest common factor of j and 18?
2
Let i(k) = -2*k**2 + k + 8. Let b be i(0). Let w be (-20)/5 - b/(-1). Suppose -12 = 2*o - 5*o. What is the greatest common divisor of o and w?
4
Suppose 2 - 26 = -f. Let g(m) = 2*m + 1. Let r be g(4). Let y = 51 + r. What is the greatest common factor of f and y?
12
Suppose -5*p = 5*c, -8 = -c + p - 0*p. Suppose -5*u - 60 = -4*b, 0 = 4*b + 2*u + 3*u - 100. What is the greatest common factor of b and c?
4
Suppose 3*z - 3231 = -3*d + 936, 0 = -5*d + 15. Calculate the highest common factor of 99 and z.
99
Let m(f) = 11*f - 125. Let l be m(15). What is the greatest common divisor of l and 5?
5
Let d(s) = 4*s - 13. Let w(b) = b - 1. Let n(i) = -d(i) + 3*w(i). Let h be n(6). What is the highest common divisor of h and 4?
4
Let a be (-527)/(-4) + (-8 - 330/(-40)). Calculate the highest common factor of 228 and a.
12
Suppose 3*q - 45 = -5*m, -q + 3*m + 15 = -0. What is the greatest common divisor of 20 and q?
5
Suppose -26*s + 3656 = -4066. Calculate the highest common divisor of s and 132.
33
Suppose -j - 3*z + 2*z = -6, -5*j + 28 = 3*z. Suppose 2*c - 2*r = -0*r + 20, -5*r = j*c - 80. What is the highest common divisor of 39 and c?
13
Let w be (2 - 2)/(11/(-11)). Suppose 3*u + 3*q - 765 = w, -q = 4*u - 4*q - 1027. Calculate the greatest common divisor of u and 32.
32
Let t = -63 - -69. Suppose 0 = 2*a - 3*y - 120, 274 = 5*a - 2*y + y. Calculate the greatest common factor of t and a.
6
Suppose 12*u + 144 = 20*u. Calculate the greatest common divisor of 54 and u.
18
Let s be (13 + -14)*36*1. Let c be 0 + 26 - s/(-12). Calculate the highest common factor of 253 and c.
23
Let c = 709 - 697. What is the greatest common divisor of 1152 and c?
12
Suppose 0 = -2*y + 5*s + 134, 4*s = 11 - 3. What is the highest common factor of y and 396?
36
Suppose 0 = 4*h + 3*b - 150 + 46, 0 = -h - b + 26. What is the greatest common factor of 4 and h?
2
Let y(m) = 12*m - 8. Let f be y(4). Suppose 108 = 2*j + 4*u, 3*j - 49 - 116 = -5*u. What is the greatest common factor of f and j?
20
Let g = 70 + -48. What is the highest common divisor of g and 176?
22
Let u(o) = 26*o**2 - 10*o + 2. Let l be u(1). Let g(d) = -3 + d**2 - 1 - 2*d + d**2. Let i be g(-4). Calculate the highest common factor of l and i.
18
Let f(d) = 3*d + 28. Let m be f(-9). What is the highest common divisor of 289 and m?
1
Let v = 5411 + -5361. Suppose 2*u = -2*u + 8. What is the greatest common divisor of u and v?
2
Let l(h) = h + 4. Let p be l(8). Suppose z + 4*z - 56 = -y, 2*y = 3*z - 44. Calculate the greatest common factor of z and p.
12
Suppose 0 = 58*w - 70*w + 3444. What is the highest common factor of w and 7?
7
Let n be 4 + (12 - -3) + (-3)/3. Calculate the greatest common factor of n and 1719.
9
Suppose 390 = 3*x - 0. Let y be 1 + 50 + 2 + -1. What is the greatest common divisor of x and y?
26
Suppose -7 + 90 = -r. Let q = r + 119. Let h = 52 - q. What is the highest common divisor of 112 and h?
16
Let h be 0 + 2 + 1*-2. Suppose 5*f + 5*i - 680 = 0, h = -3*i + 3. Let p = 262 + -247. What is the highest common divisor of f and p?
15
Suppose -m = 3*m - 8. Suppose m*b = 5*b - 33. Calculate the greatest common divisor of 44 and b.
11
Suppose 5*b = -3*u + 4*b + 251, -4*u + 4*b + 308 = 0. Calculate the greatest common divisor of 41 and u.
41
Let f(q) = -q**2 - 12*q - 6. Let j be f(-11). Let a(p) = -p**3 + 7*p**2 - 6*p + 1. Let m be a(j). What is the greatest common divisor of m and 189?
21
Let u be ((-12)/36)/(1/(-24)). Let q = u + -5. Suppose 3*y - 2*z - 21 = -0*y, q*y - 5*z = 12. Calculate the greatest common factor of y and 18.
9
Let l = -509 - -530. What is the highest common factor of l and 56?
7
Let d(k) be the first derivative of 7*k**2/2 - 2*k + 28. Let u be d(3). What is the greatest common divisor of u and 171?
19
Let x(o) = 4*o**3 - 2*o**2 + 2*o + 4. Suppose 2*q + 10 = 0, -4*n + q - 6*q - 17 = 0. Let f be x(n). What is the highest common divisor of f and 96?
32
Let c = 843 + -587. What is the highest common divisor of 4 and c?
4
Let c = 9 - 22. Let p(z) = -z - 27. Let n be p(c). Let j = n + 16. What is the greatest common divisor of j and 16?
2
Suppose -l + 4*q = l - 20, 0 = -3*l + 5*q + 25. Suppose 2*j - 10 = -l*j. Suppose -3*i + j*i = 24. What is the greatest common factor of i and 18?
6
Suppose 0 = 4*v - 212 + 152. What is the greatest common divisor of v and 375?
15
Suppose -5*t = 663 + 187. Let f = t - -246. Calculate the greatest common divisor of 19 and f.
19
Suppose 116*m - 115*m - 983 = -4*s, 4*m = -20. Calculate the highest common factor of s and 52.
13
Let x(a) = -a**2 - 14*a - 4. Let o be x(-16). Let s be (-18)/o - 1*(-2)/4. What is the highest common factor of 11 and s?
1
Suppose 5 - 7 = -n. Suppose 2*t - t + v + 2 = 0, -3*t = -v - n. Let z = t - -10. Calculate the greatest common divisor of 80 and z.
10
Suppose 6*t + 208 = 22*t. Calculate the highest common divisor of 3991 and t.
13
Suppose -3*n + 126 = 3*q - 0*n, n = -3. Let f(b) = 3*b - 10. Let o be f(5). Let s = 14 - o. What is the highest common factor of q and s?
9
Let l = 0 - -30. Suppose -b = -4*b - 3*z + l, b + 6 = 3*z. What is the greatest common divisor of b and 3?
3
Suppose 63*z - 230 = -3*z + 34. Let a = -3 + 6. What is the highest common divisor of a and z?
1
Suppose -4*w = -15 - 5. Suppose w*q = 3*c + c - 84, -2*c = -3*q - 42. Calculate the greatest common divisor of 21 and c.
21
Let d = -2119 - -2314. Let m = 27 + -12. Calculate the highest common divisor of d and m.
15
Suppose -11*p + 7 = -15. Suppose -115 = -p*s - 15. What is the greatest common factor of 150 and s?
50
Suppose -4*y + 15 = -r, 0 = 2*y - 3*r - 2*r + 15. Suppose 237 - 1146 = -y*q - 3*a, -555 = -3*q - 5*a. What is the highest common factor of 36 and q?
36
Suppose -3*u = -36 - 324. Let a = u - 60. Suppose 3*v - 4*j - 59 = 0, -3*j = -2*v - v + a. What is the highest common divisor of v and 7?
7
Let m = 37 - 86. Let f = m - -99. Let u be (80/4)/((-2)/(-2)). What is the highest common divisor of u and f?
10
Let h be ((-18)/(-21))/(9/210). Let i(o) = 2*o**3 + o**2 - 4*o - 1. Let j be i(3). Calculate the greatest common divisor of h and j.
10
Suppose 0 = 3*i + 16 - 61. Calculate the greatest common divisor of 21 and i.
3
Let v be (788 + (-8)/(-4 + 6))*1. What is the greatest common factor of 448 and v?
112
Let w = 21 + -16. Suppose -85 - 32 = -4*t - w*r, 0 = r + 3. What is the greatest common divisor of t and 3?
3
Let m be (50/8)/((0 + 4)/(-16)). Let w be ((-90)/m)/((-4)/(-70)). Calculate the highest common divisor of w and 9.
9
Let g(z) = -z**3 - 6*z**2 + 12*z + 4. Suppose 2*x + 24 = -2*s, 3*x + 5*s + 14 = -30. Let p be g(x). Calculate the greatest common factor of 288 and p.
36
Let a = -33 - -30. Let o be (6/2)/(a - 162/(-48)). What is the highest common factor of 64 and o?
8
Let d(q) = -q**2 - 8*q - 7. Let n be d(-7). Suppose n = i + 4*i - 60. Let m be (4 - 0)/(-16) - (-2116)/16. What is the greatest common divisor of i and m?
12
Let v be (((-120)/32)/(2/40))/(-1). Calculate the greatest common divisor of v and 250.
25
Let q(c) = 42*c - 141. Let p be q(4). What is the greatest common factor of 7 and p?
1
Suppose -1172*q + 1167*q = -20. What is the highest common factor of q and 34?
2
Suppose 3*v = s - 131, -s - 5*v = -9*v - 132. Let y = -22 - -54. Calculate the greatest common factor of y and s.
32
Let g(i) = 13*i - 3*i**2 - i**3 - 11*i**2 - 8 - 11. Let h be g(-15). Calculate the highest common factor of 1 and h.
1
Let j(r) = 2*r + 24. Let v be j(-16). Let o be (-39)/(-2) + (-2 - 12/v). Calculate th